 5*z + 139. Calculate k(30).
-11
Let z(q) = 5*q**3 + 108*q**2 - 84*q - 890. What is z(-22)?
-10
Let f(g) = 7*g - 70. Determine f(-9).
-133
Let i(o) = -179*o**2 + 3592*o - 242. Calculate i(20).
-2
Let t(g) = -g**2 + 64*g - 267. Give t(60).
-27
Let a(b) = 3*b**3 + 66*b**2 - 141*b + 61. Give a(-24).
-11
Let y(j) = -3*j**2 - 124*j + 1185. Give y(8).
1
Let a(h) = -3150*h - 94500. What is a(-30)?
0
Let c(f) = 5*f**2 + 365*f - 760. Calculate c(-75).
-10
Let u(m) = 38*m - 760. Give u(20).
0
Let z(i) = -i**3 + 157*i**2 + 313*i - 6. What is z(-2)?
4
Let h(c) = -c**3 + 6*c**2 + 12*c - 15. Determine h(9).
-150
Let q(c) = 851*c - 97869. Determine q(115).
-4
Let l(p) = -p**2 - 69*p - 1120. Calculate l(-42).
14
Let o(c) = 16*c**2 + 1043*c - 867. What is o(-66)?
-9
Let h(j) = -j - 72. Calculate h(-34).
-38
Let k(y) = -y**2 - 37*y + 156. Calculate k(-40).
36
Let z(r) = 7*r**3 - 5*r**2 - 7*r + 8. What is z(1)?
3
Let r(d) = -2988*d - 44813. Calculate r(-15).
7
Let g(r) = 2*r**3 - 90*r**2 - 4*r + 219. Calculate g(45).
39
Let j(i) = -98*i - 192. Calculate j(-2).
4
Let g(k) = 6*k**2 - 793*k - 5694. Give g(139).
5
Let z(j) = -j**3 - 3*j**2 + 54*j - 6. Determine z(-10).
154
Let t(c) = -3190*c + 19141. What is t(6)?
1
Let m(z) = z**2 + 372*z - 1505. Calculate m(4).
-1
Let a(z) = -48*z - 2262. What is a(-47)?
-6
Let y(b) = 78*b**2 + 1342*b + 53. Give y(-17).
-219
Let w(m) = -153*m - 2699. Give w(-18).
55
Let t(q) = -95*q + 3. Calculate t(-4).
383
Let n(k) = -3*k + 45. Calculate n(21).
-18
Let q(s) = 16906*s - 169080. Give q(10).
-20
Let q(l) = -l**2 - 110*l - 699. Give q(-6).
-75
Let g(f) = 4*f**2 - 21*f + 9. Determine g(5).
4
Let q(n) = n**3 + 4*n**2 - 8*n + 13. Determine q(-5).
28
Let o(t) = 3*t**2 + 63*t + 199. What is o(-17)?
-5
Let a(z) = 2*z**2 + 21*z - 10. Calculate a(-11).
1
Let p(n) = -n**2 + 16*n - 51. What is p(14)?
-23
Let b(v) = 5*v**2 + 95*v + 263. Give b(-3).
23
Let f(w) = -11*w**3 - w**2 - 2*w + 2. Give f(1).
-12
Let o(z) = -z**2 - 23*z - 2. What is o(-32)?
-290
Let x(v) = 5*v + 78. Give x(-12).
18
Let m(y) = 2*y**3 + 14*y**2 - 24*y - 167. Give m(-7).
1
Let s(i) = -i**3 + 75*i**2 + 75*i + 81. Determine s(76).
5
Let a(b) = -b**3 + 28*b**2 - 107*b + 103. What is a(25)?
-697
Let r(w) = -3*w**2 + 92*w - 386. Calculate r(5).
-1
Let m(r) = r - 58. Determine m(-28).
-86
Let w(a) = a**3 + 13*a**2 - 61*a - 199. Determine w(-16).
9
Let w(q) = -q**3 - q**2 - 111*q + 375. What is w(3)?
6
Let x(n) = 105*n + 268. Calculate x(-2).
58
Let d(p) = -2*p**3 - 38*p**2 + 48*p + 22. What is d(-20)?
-138
Let j(i) = -3*i**2 + 141*i - 3. Give j(47).
-3
Let u(k) = -430*k + 441. Calculate u(1).
11
Let b(m) = -95*m - 866. Determine b(-12).
274
Let a(y) = 2*y**2 - 23*y + 69. What is a(16)?
213
Let o(u) = -u**3 + 7*u**2 - 66*u + 354. What is o(7)?
-108
Let m(k) = -64*k**2 - 11*k - 11. Calculate m(-1).
-64
Let n(y) = 426*y + 2541. Give n(-6).
-15
Let h(s) = -6*s**2 - 490*s + 165. Give h(-82).
1
Let g(d) = -3*d**3 + 243*d**2 + 242*d + 246. Give g(82).
-82
Let b(i) = 74*i**3 + 5*i + 4. Give b(-1).
-75
Let x(r) = -r**3 + 4*r**2 - 12*r + 200. What is x(8)?
-152
Let a(s) = -s**2 - 49*s + 1815. Determine a(24).
63
Let w(q) = -q**2 + 6*q - 28. What is w(7)?
-35
Let f(n) = 2*n**2 - 2*n + 1. Give f(-3).
25
Let z(t) = -58*t - 311. Give z(-6).
37
Let u(h) = 480*h + 3360. Calculate u(-7).
0
Let h(m) = m**2 - 109*m + 1245. Determine h(13).
-3
Let z(t) = -103*t - 4360. What is z(-45)?
275
Let p(z) = z**2 - 47*z + 278. What is p(42)?
68
Let c(h) = 2*h**3 + 44*h**2 - 112*h - 440. Give c(-24).
-56
Let s(q) = -66*q - 5. Determine s(-8).
523
Let n(k) = -194*k + 3133. What is n(16)?
29
Let i(s) = -4*s**2 - 19*s + 15. Give i(-4).
27
Let y(t) = -2*t**3 - 10*t**2 - 6*t + 10. Determine y(-5).
40
Let f(h) = h**3 + 58*h**2 + 298*h - 417. What is f(-7)?
-4
Let h(a) = 3*a**3 + 93*a**2 - 201*a - 2. Give h(2).
-8
Let i(c) = 14102*c - 1. Calculate i(0).
-1
Let y(x) = -7226*x - 7230. Give y(-1).
-4
Let c(l) = -4*l**3 - 6*l**2 + 10. Determine c(-2).
18
Let a(m) = m**3 - 12*m**2 + 377*m - 4518. Determine a(12).
6
Let u(h) = 2*h**3 + 118*h**2 + 230*h + 100. Determine u(-57).
-14
Let a(u) = 60*u + 41. What is a(-2)?
-79
Let z(p) = -p**3 - 22*p**2 + 29*p + 9. What is z(-23)?
-129
Let i(y) = 24*y**2 - 108*y + 2. Give i(6).
218
Let x(j) = j**3 + 17*j**2 + 46*j + 2. Determine x(-5).
72
Let v(r) = -22*r + 34. Give v(-5).
144
Let n(v) = -27*v + 68. Give n(-6).
230
Let k(d) = -d**3 + 2*d**2 + 47*d - 175. Give k(5).
-15
Let t(w) = 70*w + 3019. Determine t(-43).
9
Let f(j) = j**2 - 10*j - 61. What is f(-5)?
14
Let x(o) = -o**2 - 40*o - 57. What is x(-16)?
327
Let i(s) = 62*s - 501. Calculate i(8).
-5
Let g(z) = z**3 - 9*z**2 - 22*z + 16. Calculate g(10).
-104
Let a(n) = -n**3 + 9*n**2 - 71*n + 647. Determine a(7).
248
Let l(r) = -9*r**2 - 10*r + 38. What is l(-4)?
-66
Let m(n) = -3*n**2 - 4*n + 4. Determine m(-4).
-28
Let q(g) = -28*g**2 - 39. What is q(-3)?
-291
Let m(y) = 117*y - 15205. Calculate m(130).
5
Let w(g) = g**2 + 7*g + 19. Determine w(-4).
7
Let q(v) = -9*v - 72. Calculate q(-5).
-27
Let l(q) = 35*q + 6434. Give l(-184).
-6
Let z(g) = 4*g**3 + 34*g**2 + 8*g - 22. Give z(-8).
42
Let l(a) = -a**3 - 10*a**2 + 76*a - 75. Calculate l(-15).
-90
Let s(l) = l**2 + 553*l + 9150. Determine s(-17).
38
Let a(g) = 20*g**2 - 34*g - 134. Give a(-6).
790
Let s(m) = m**3 - 34*m**2 - 77*m + 171. What is s(36)?
-9
Let m(h) = 62*h + 8647. Determine m(-141).
-95
Let p(a) = 27*a + 488. Give p(-23).
-133
Let j(p) = -8952*p + 10. Calculate j(0).
10
Let d(t) = t**3 - 9*t**2 - 3*t + 193. What is d(9)?
166
Let r(d) = -d**3 - 41*d**2 - 81*d - 75. Give r(-39).
42
Let w(x) = -x**3 + 8*x**2 + 13*x - 33. Give w(8).
71
Let b(p) = -p**3 - 30*p**2 - 179*p - 11. Calculate b(-22).
55
Let u(g) = g**2 + 66*g + 481. What is u(-57)?
-32
Let i(r) = -5*r**2 - 226*r + 889. Give i(4).
-95
Let i(m) = 4*m**2 - 6*m. Determine i(-4).
88
Let p(n) = -2*n**3 + 13*n**2 - 20*n + 13. Determine p(7).
-176
Let o(t) = -4*t**3 - 23*t**2 + 557*t + 24. What is o(-15)?
-6
Let c(u) = -69*u + 409. Calculate c(6).
-5
Let c(r) = -r**3 - 10*r**2 + r + 50. What is c(-8)?
-86
Let k(j) = -j**3 + 17*j**2 + 79*j - 49. Calculate k(21).
-154
Let j(f) = f**3 + 13*f**2 + 3*f + 84. What is j(-12)?
192
Let a(v) = -166*v - 11592. Give a(-70).
28
Let i(r) = -7*r**2 - 5. Determine i(-4).
-117
Let x(b) = 2*b**2 + 54*b - 2025. What is x(21)?
-9
Let l(y) = -25*y - 36. Give l(-6).
114
Let b(y) = -y**2 + 973*y + 13820. What is b(-14)?
2
Let a(f) = -f**3 + 3*f**2 - 6*f - 72. Give a(0).
-72
Let t(o) = 19*o + 195. Determine t(-11).
-14
Let w(t) = 45*t + 2051. What is w(-47)?
-64
Let q(c) = -3*c**3 - 96*c**2 - 3*c + 32. What is q(-32)?
128
Let h(k) = 40*k + 71. Give h(-1).
31
Let d(o) = 2*o**2 - 46*o + 156. Calculate d(19).
4
Let b(a) = -3*a**3 + 27*a**2 - 57*a + 2. Give b(2).
-28
Let s(r) = r**3 + 98*r**2 + 288*r + 287. Give s(-95).
2
Let o(t) = 32*t**2 + 171*t + 23. Calculate o(-7).
394
Let u(v) = v**2 - 26*v + 177. Calculate u(10).
17
Let l(y) = 575*y - 3429. Give l(6).
21
Let o(d) = d**3 - 196*d**2 - 250*d + 10443. Give o(197).
2
Let x(r) = -r**3 - 6*r**2 - 8*r - 49. Calculate x(-7).
56
Let p(j) = -j**3 + 3*j**2 - 8*j + 67. What is p(6)?
-89
Let s(v) = -99*v**2 - 687*v + 46. What is s(-7)?
4
Let m(h) = 4*h**2 - 137*h + 259. What is m(2)?
1
Let b(n) = -2116*n + 8558. Determine b(4).
94
Let w(j) = j**3 + 8*j**2 - 52*j - 357. Determine w(-9).
30
Let f(z) = -7*z**2 - 599*z + 1485. Determine f(-88).
-11
Let m(w) = w**2 - 95*w + 1420. What is m(77)?
34
Let p(s) = 2*s**2 - 84*s - 409. What is p(44)?
-233
Let h(l) = l**2 - 60*l - 243. Determine h(-4).
13
Let c(v) = -30*v - 1037. Calculate c(-35).
13
Let b(v) = -v**3 - 3*v**2 - 56*v - 159. Determine b(-3).
9
Let s(a) = 989*a + 15817. Determine s(-16).
-7
Let n(y) = -19*y - 824. Give n(-43).
-7
Let c(w) = -w**3 - 17*w - 139. Calculate c(-4).
-7
Let z(w) = 21*w**2 - 504*w + 2496. Calculate z(17).
-3
Let x(g) = 8126*g + 64992. Determine x(-8).
-16
Let z(t) = -55*t**2 + 714*t + 3. Give z(13).
-10
Let q(j) = 128*j - 403. Calculate q(3).
-19
Let i(a) = 15*a**2 + 334*a + 192. What is i(-21)?
-207
Let h(u) = u**3 - 22*u**2 - 32*u + 56. Calculate h(23).
-151
Let k(u) = 996*u - 30877. Determine k(31).
-1
Let s(c) = 35*c**2 + 508*c - 257. Determine s(-15).
-2
Let f